 -u. List the prime factors of u.
3343
Let p = -4 + 4. Suppose p = -5*z - b + 49 + 156, -4*z = b - 164. Let w = -21 + z. List the prime factors of w.
2, 5
Let c(n) = -24*n - 4. Let m be c(1). Let a = m + 58. List the prime factors of a.
2, 3, 5
Let l = -7 + 15. Let v be (-4)/(-16) + 366/l. Suppose 5*d + 5*y = 80, 2*y - v = -3*d - 0*y. List the prime factors of d.
2, 7
Let m(a) be the third derivative of a**6/120 + 2*a**5/15 - 7*a**4/12 - a**3 + 2*a**2. List the prime factors of m(-9).
3, 13
Suppose -97 = -13*c - 32. Suppose 3*f - c*f = -254. List the prime factors of f.
127
Suppose -4*j + 17 = 3*f - 20, f + 3*j - 19 = 0. Suppose d + 19 = f. Let m(i) = -5*i - 30. What are the prime factors of m(d)?
2, 3, 5
Suppose -5941 = -2*u - 5*q, 15*q + 8918 = 3*u + 16*q. What are the prime factors of u?
3, 991
Let a = -2 + 5. Suppose a + 2 = u. Suppose 3*t - 4*t - 4*p + 31 = 0, -u*p + 25 = 0. What are the prime factors of t?
11
Let s be 2/(-3) + (-174)/(-18). Suppose -s = -3*m + 6. Suppose -f = -m*f + 32. List the prime factors of f.
2
Let r(m) = 3*m - 5. Let v be r(3). Let g(q) = 8*q - 2. What are the prime factors of g(v)?
2, 3, 5
Let b(l) = -55*l**3 - l**2 - 2*l - 1. Let d(j) = -j - 14. Let r be d(-13). List the prime factors of b(r).
5, 11
Let k = -8 + 9. List the prime factors of (-9)/(6*k/(-4)).
2, 3
Suppose 78 = -a + 2*a. Suppose 4*d + 2*d = a. List the prime factors of d.
13
Let c(r) = 5*r**2 + 19*r + 3. Let p be c(-4). Suppose 0 = -27*x + p*x + 1320. List the prime factors of x.
2, 3, 11
Suppose 5*f + 3 = h, -51 = -0*h + 4*h + f. Let o = -7 - h. What are the prime factors of o?
5
Let y(n) = 22*n**2 + n + 1. Let s(b) be the first derivative of b**3/3 + 11*b**2/2 + b + 3. Let o be s(-11). List the prime factors of y(o).
2, 3
Let f = 1513 + -279. List the prime factors of f.
2, 617
Let o(w) = 5*w**3 + 4*w**2 - 21*w - 21. Let c(p) = p**3 + p**2 - 5*p - 5. Let v(y) = -9*c(y) + 2*o(y). What are the prime factors of v(3)?
2, 3, 5
Suppose 0 = -5*l + 227 + 448. What are the prime factors of l?
3, 5
Suppose 0 = 11*l - 6*l - 80. Suppose -x + l + 17 = 0. Suppose -3*m = -3*n - x, -8*m + 3*m + 75 = -n. List the prime factors of m.
2
Let n(c) = -c**3 - 3*c**2 - 2*c - 1. Let k be n(-3). Let i be 104/65 + 2/k. Suppose -2*h = -0*h + z - 35, -2*h - i*z = -30. List the prime factors of h.
2, 5
Let n(a) = 9*a + 245. What are the prime factors of n(0)?
5, 7
Let j = -81 - -85. Suppose -2*x - 3*i = -454, 8*i - 456 = -2*x + j*i. List the prime factors of x.
2, 7
Let m(d) = -d**2 + 13*d - 12. Let q be m(12). Suppose -6*x - 6*x + 1824 = q. List the prime factors of x.
2, 19
Let k = 1 - 13. Let w = k - -12. List the prime factors of ((-27)/6 - w)*-2.
3
Let x = 229 - 245. Let a(q) be the third derivative of q**6/120 + 4*q**5/15 - q**4/8 - 4*q**3/3 - q**2. What are the prime factors of a(x)?
2, 5
Suppose 9*o - 4*o + 3 = -s, -7 = -2*s + 3*o. Let t(p) = 0*p - 9 + p - p**3 - 6*p + 2*p**3 + 5*p**s. List the prime factors of t(-5).
2
Let p be (0*2/2)/2. Suppose p = 6*c - 5*c - 16. List the prime factors of c.
2
What are the prime factors of (-6)/6*(-5 - 1222)?
3, 409
Suppose 0 = -5*n + 5, 0 = 5*z + 2*n + 9 - 206. List the prime factors of z.
3, 13
Let r(v) = 2*v - 3 - 1 + 2*v**2 + 3*v**2 - 3. What are the prime factors of r(4)?
3
Let v(f) = -f**3 + 4*f**2 - 4*f - 3. Let k be v(-4). Let x(h) = 4*h - 118. Let s be x(30). Suppose 0 = -s*o + k - 1. What are the prime factors of o?
2, 5, 7
Let m(y) = 12*y**2 + 2*y - 1. Let k be m(2). Suppose -s - k = -2*s. Suppose -4*z + 53 = -s. What are the prime factors of z?
2, 13
Suppose -2*j = -0*w + 3*w - 2341, 5*w + 3559 = 3*j. What are the prime factors of j?
2, 19, 31
Let m be (-2)/5 + (-5 - (-110)/25). What are the prime factors of 282/(-9)*(-2 + m)?
2, 47
Suppose 474 = 2*h + k + 13, -3*h = 3*k - 690. What are the prime factors of h?
3, 7, 11
Let u(j) = 2*j**2 + 7*j - 15. Let f(c) = c**2 - 9*c + 1. Let r be f(8). Let b be u(r). Suppose -n + 19 = -b. What are the prime factors of n?
53
Suppose 0 = 2*v + 2*v - 72. Let h = 13 - -7. Suppose h*j - v*j = 120. What are the prime factors of j?
2, 3, 5
Let u = -24 - -28. Suppose -u*f + 149 = -91. What are the prime factors of f?
2, 3, 5
Suppose 5*u - 129 = 6. Let q be 3/(15/(-5))*-13. Let d = u - q. What are the prime factors of d?
2, 7
Let a(x) = x**3 - 9*x**2 + 6*x + 5. Let u be a(6). Let k = 101 + u. List the prime factors of k.
2, 17
Let u(y) = y**3 + 31*y**2 + y + 40. List the prime factors of u(-31).
3
Let a(m) = 3*m**2 + 14*m + 18. List the prime factors of a(-15).
3, 7, 23
Let h = -23 - 21. Let f = -15 - h. Suppose -3*q + f = 2*g - 10, 4*g - q - 71 = 0. List the prime factors of g.
2, 3
Let o be 58/18 - (-20)/(-90). Suppose -o*z - 3 + 18 = 0. Suppose 5*h - 5*b = -0*h + 40, -3*h = z*b + 16. What are the prime factors of h?
3
Suppose 2*d = 4*n + 13004, 12599 = -3*d + 3*n + 32117. Suppose 8*b - d = 3*b. List the prime factors of b/30 - (-4)/(-10).
43
Let f(j) = j**3 + 16*j**2 + 9*j - 12. List the prime factors of f(-9).
2, 3, 79
List the prime factors of 1786/3*372/62.
2, 19, 47
Let z = 129 - 89. Let w = -84 + z. Let r = 67 + w. List the prime factors of r.
23
Suppose 3*f - 25 = 8*f. Let w(r) = -2*r - 8. Let g be w(f). Suppose -120 = -g*x - 2*x. List the prime factors of x.
2, 3, 5
Suppose 11*o + 93 = 709. Let s(m) = 35*m + 1. Let k be s(-1). Let f = o + k. List the prime factors of f.
2, 11
Let q(h) = h**3 + 4*h**2 - 7*h + 7. Let l be q(-6). Let w = l + 5. What are the prime factors of 73/6 - (-3)/w?
2, 3
Let m(v) = v**2 + v - 1. Let x(z) = -z**3 + z**2 + z - 1. Let u(p) = -5*m(p) + 4*x(p). What are the prime factors of u(-2)?
31
Let n(t) = -t**2 + 9*t - 8. Let p be n(7). Let g = 15 - p. What are the prime factors of (33/3)/(3/g)?
3, 11
Suppose -3*f = 2*f - 50. Suppose f = -6*x + 154. Suppose 13*d - x = 10*d. What are the prime factors of d?
2
Suppose 5*r - 4*r = 2. Suppose r*b + 12 = b. What are the prime factors of b/(-4) - (-31)/1?
2, 17
Suppose -3*x = -3*u + 3, 0 = u + u - 10. Suppose 0 = 2*w + 4*m - 18, 3*m - 8*m + 30 = x*w. Let q = 27 - w. What are the prime factors of q?
2, 11
Let d(z) = -7*z + 14. Let l be d(1). Suppose -l*p + 5*p + 506 = 0. What are the prime factors of p?
11, 23
Suppose 62*x = 202303 + 56919. List the prime factors of x.
37, 113
Let x = -370 + 764. List the prime factors of x.
2, 197
Let l = -9 + 13. Suppose l*g + g = 45. What are the prime factors of (g/(-2))/((-6)/32)?
2, 3
Let y be -3*(-2 + 5 + -2). Let w be 6 + 2 + y + -1. Suppose -a + 28 = -4*u, 2*a - 8 - 32 = w*u. What are the prime factors of a?
2, 3
Let d(z) = z**2 + z - 24. Let x = -19 - -19. Let u be d(x). List the prime factors of (-23)/4*u/6.
23
Let y be 6/(-2)*(0 + 13). Let h(u) = -u**2 + 18*u - 17. Let r be h(6). Let k = r + y. What are the prime factors of k?
2
Suppose 7 = 5*o + 3*x - 4, 3*o - 6 = -2*x. Suppose 3*v - o = 14. What are the prime factors of v?
2, 3
Let y(h) = 93*h**2 - 15*h - 8. List the prime factors of y(-2).
2, 197
Let s be ((-70)/15)/(2/(-15)). List the prime factors of s - (-2 - 8/(-4)).
5, 7
Let u(a) = a**2 + 5*a. Let l be u(-3). What are the prime factors of -2*3/6*1152/l?
2, 3
Let c = 543 + -262. List the prime factors of c.
281
Suppose -5*y = -4*f + 3553, 5*f = -5*y + 2538 + 1847. List the prime factors of f.
2, 3, 7
Suppose -8*s + 26 + 6 = 0. Suppose 4*r = -s*j + 119 + 605, j + 4*r - 193 = 0. List the prime factors of j.
3, 59
Let x(y) = 66 - 36 - 7*y + 16*y. What are the prime factors of x(9)?
3, 37
Let d(q) = q**3 + q**2 - 3*q - 3. Let h be d(-2). Let s = 5 + h. Suppose -2*t = -t + 5, -s*g + 2*t + 110 = 0. List the prime factors of g.
5
Suppose -2*z - 383 = 3*n, 3*n + z = 3*z - 379. Let i = n - -226. List the prime factors of i.
3, 11
Suppose -4*u - 3*y = -41 - 361, -y = 5*u - 508. Suppose -20 = -2*r + u. List the prime factors of r.
61
Let v(l) = -24*l + 13. Let w = -18 + 11. What are the prime factors of v(w)?
181
What are the prime factors of 715 - (-26 - -23)*(-2)/6?
2, 3, 7, 17
Let s(h) be the first derivative of 2*h**2 + 31*h + 9. What are the prime factors of s(16)?
5, 19
Suppose 936 = 2*j - 5*n, -5*n = 3*j - 21 - 1333. What are the prime factors of j?
2, 229
Let c(f) = -17*f - 11. Let s be (2/(-6))/(12/252). What are the prime factors of c(s)?
2, 3
Let q be (-12)/(4